Calculate the highest common divisor of 10568 and 8.
8
What is the highest common factor of 24 and 4524?
12
What is the highest common factor of 34 and 1377?
17
What is the greatest common divisor of 2034 and 3955?
113
Calculate the highest common factor of 93 and 465.
93
What is the greatest common divisor of 143 and 440?
11
What is the greatest common divisor of 582 and 474?
6
What is the highest common divisor of 8 and 332?
4
What is the greatest common divisor of 235 and 3055?
235
What is the greatest common factor of 371 and 7?
7
What is the greatest common divisor of 438 and 6?
6
What is the greatest common divisor of 129 and 7611?
129
What is the highest common divisor of 30 and 60?
30
What is the greatest common divisor of 26 and 4862?
26
Calculate the highest common factor of 149 and 1.
1
What is the greatest common factor of 822 and 6?
6
What is the greatest common divisor of 280 and 520?
40
Calculate the greatest common factor of 392 and 490.
98
What is the highest common factor of 164 and 1517?
41
Calculate the highest common factor of 25 and 650.
25
What is the greatest common factor of 1665 and 45?
45
Calculate the highest common divisor of 136 and 680.
136
Calculate the highest common factor of 785 and 1256.
157
What is the greatest common divisor of 177 and 3?
3
Calculate the greatest common factor of 45 and 1125.
45
What is the greatest common factor of 15 and 3645?
15
Calculate the greatest common factor of 32 and 5400.
8
Calculate the greatest common factor of 260 and 20.
20
What is the highest common factor of 32642 and 57?
19
What is the greatest common factor of 1357 and 299?
23
Calculate the greatest common divisor of 285 and 741.
57
What is the highest common divisor of 779 and 861?
41
Calculate the greatest common factor of 930 and 60.
30
Calculate the highest common divisor of 80 and 180.
20
Calculate the greatest common divisor of 96 and 9.
3
What is the highest common divisor of 5406 and 510?
102
What is the greatest common divisor of 3856 and 2169?
241
What is the highest common divisor of 233 and 2?
1
What is the greatest common divisor of 319 and 10411?
29
Calculate the greatest common factor of 216 and 3861.
27
What is the highest common factor of 57 and 6?
3
Calculate the greatest common factor of 495 and 9240.
165
What is the highest common factor of 8802 and 162?
54
What is the greatest common factor of 5754 and 6302?
274
Calculate the greatest common factor of 84 and 12.
12
What is the highest common factor of 190 and 1216?
38
What is the highest common divisor of 477 and 36?
9
Calculate the highest common divisor of 2 and 2.
2
Calculate the highest common factor of 10 and 730.
10
What is the greatest common divisor of 3 and 87?
3
What is the highest common divisor of 161 and 28?
7
Calculate the highest common divisor of 72 and 162.
18
Calculate the greatest common divisor of 225 and 1215.
45
What is the greatest common divisor of 8 and 593?
1
Calculate the highest common divisor of 7 and 14.
7
What is the highest common factor of 23 and 8395?
23
What is the highest common divisor of 45 and 690?
15
What is the highest common divisor of 2508 and 88?
44
Calculate the highest common factor of 210 and 105.
105
What is the greatest common factor of 18 and 372?
6
Calculate the greatest common factor of 2100 and 119.
7
Calculate the greatest common divisor of 47 and 7943.
47
What is the highest common divisor of 152 and 836?
76
What is the greatest common factor of 9 and 45?
9
Calculate the highest common factor of 109 and 654.
109
What is the highest common divisor of 147 and 49?
49
What is the highest common factor of 200 and 10?
10
What is the highest common factor of 74 and 925?
37
Calculate the greatest common divisor of 10 and 1310.
10
What is the highest common divisor of 52 and 78?
26
What is the greatest common divisor of 85 and 51?
17
Calculate the highest common divisor of 164 and 123.
41
What is the greatest common divisor of 65 and 403?
13
What is the greatest common factor of 15 and 185?
5
What is the highest common divisor of 58080 and 16?
16
What is the greatest common factor of 289 and 17?
17
What is the highest common factor of 143 and 682?
11
What is the greatest common divisor of 2507 and 115?
23
What is the highest common divisor of 8050 and 345?
115
What is the highest common factor of 1309 and 11968?
187
Calculate the greatest common factor of 992 and 28.
4
Calculate the greatest common factor of 420 and 5355.
105
What is the highest common factor of 2870 and 770?
70
What is the greatest common factor of 145 and 50?
5
Calculate the greatest common divisor of 320 and 40.
40
What is the highest common factor of 182 and 260?
26
What is the highest common factor of 2620 and 20?
20
What is the greatest common factor of 39 and 195?
39
Calculate the greatest common divisor of 1849 and 43.
43
Calculate the greatest common factor of 273 and 455.
91
Calculate the greatest common divisor of 595 and 5.
5
Calculate the greatest common divisor of 6 and 1905.
3
Calculate the highest common divisor of 310 and 30.
10
What is the greatest common factor of 54 and 132?
6
Calculate the highest common factor of 66 and 1496.
22
Calculate the highest common divisor of 581 and 249.
83
Calculate the greatest common divisor of 361 and 19.
19
Calculate the greatest common divisor of 15 and 205.
5
What is the highest common factor of 68 and 119?
17
What is the greatest common divisor of 2370 and 45?
15
What is the highest common factor of 196 and 9212?
196
What is the highest common divisor of 4158 and 238?
14
What is the greatest common factor of 9 and 27?
9
What is the highest common divisor of 510 and 45?
15
What is the greatest common divisor of 24 and 456?
24
What is the greatest common factor of 1098 and 72?
18
Calculate the highest common factor of 875 and 14.
7
What is the greatest common divisor of 328 and 6642?
82
Calculate the greatest common divisor of 820 and 3116.
164
What is the highest common divisor of 9042 and 66?
66
Calculate the highest common divisor of 75 and 625.
25
Calculate the highest common divisor of 235 and 60.
5
Calculate the highest common factor of 13 and 832.
13
What is the greatest common factor of 1400 and 336?
56
What is the highest common factor of 90 and 936?
18
Calculate the highest common factor of 2244 and 1188.
132
Calculate the greatest common divisor of 832 and 13.
13
Calculate the greatest common divisor of 54 and 1746.
18
What is the highest common divisor of 200 and 560?
40
Calculate the highest common divisor of 42 and 861.
21
Calculate the greatest common factor of 14 and 413.
7
What is the highest common factor of 57 and 152?
19
What is the highest common divisor of 13 and 949?
13
Calculate the highest common factor of 40 and 104.
8
Calculate the highest common divisor of 12 and 108.
12
Calculate the greatest common divisor of 558 and 2666.
62
What is the greatest common factor of 8 and 26?
2
Calculate the highest common factor of 170 and 7905.
85
Calculate the greatest common factor of 7 and 7126.
7
What is the greatest common factor of 570 and 20?
10
Calculate the greatest common factor of 12441 and 145.
29
Calculate the highest common divisor of 84 and 28.
28
What is the highest common factor of 38 and 2888?
38
What is the highest common factor of 117 and 78?
39
Calculate the highest common factor of 53 and 3869.
53
Calculate the greatest common divisor of 1782 and 44.
22
Calculate the highest common divisor of 4725 and 250.
25
Calculate the greatest common divisor of 13 and 5.
1
Calculate the highest common factor of 3640 and 630.
70
What is the highest common factor of 23 and 161?
23
What is the highest common factor of 7 and 1981?
7
What is the greatest common factor of 1616 and 432?
16
Calculate the greatest common factor of 322 and 2208.
46
What is the greatest common factor of 459 and 2187?
27
What is the highest common factor of 1010 and 150?
10
Calculate the highest common factor of 1572 and 12.
12
What is the highest common factor of 23 and 667?
23
Calculate the greatest common factor of 34262 and 74.
74
Calculate the greatest common factor of 108696 and 168.
168
Calculate the greatest common factor of 46 and 115.
23
Calculate the highest common factor of